 a(-5). Let v = p - n. What is the tens digit of v?
1
Let f(i) = -2*i - 11. Let r be f(-8). Suppose -73 = r*u + 37. Let y = 40 + u. What is the units digit of y?
8
Suppose -15*b + 3*b = -72. Suppose a + 4*m = 39, m + 42 = 2*a - 0*a. Let h = a + b. What is the units digit of h?
9
Suppose -29*s + 1000 = -25*s. Suppose 4*v - s = -v. What is the units digit of v?
0
Let s(q) = 4*q + 10. Let h(x) = x**2 - 3*x - 11. Let n(f) = 6*h(f) + 7*s(f). What is the units digit of n(-6)?
0
Suppose b = 4*b + 2*z - 7257, 2419 = b + z. What is the hundreds digit of b?
4
Let z be (-2)/(-11) + 4256/(-176). What is the hundreds digit of (z/(-5))/((-18)/(-480))?
1
Let a be 18 + (0 - (-2 + 3)). Let t = a - 10. Suppose 0 = z - 7 - t. What is the units digit of z?
4
Let j be (-2)/10 - (-936)/30. Let w = 14 + j. What is the tens digit of w?
4
Suppose -37080 = 5*i - 14*i. What is the units digit of i?
0
Suppose -3*b - 2*r + 930 = -4819, b - 3*r = 1898. What is the thousands digit of b?
1
Suppose -3*u = 80 - 227. Let w be (-1)/7 - (-448)/u. What is the units digit of 42/w*(-6)/(-4)?
7
Let f(b) = -b**2 - 20*b - 10. Let w(l) = -6*l - 6. Let i be w(0). What is the tens digit of f(i)?
7
What is the units digit of 13/(-26)*(-6)/(-4)*-652?
9
Let r(o) = 16*o**3 - 40*o**2 - 10*o - 60. Let k(x) = 3*x**3 - 8*x**2 - 2*x - 12. Let t(c) = -11*k(c) + 2*r(c). What is the tens digit of t(7)?
7
Let l = -1 - 2. Let z be -7 + 5 + l + -2. Let u = z - -45. What is the tens digit of u?
3
Let y be (1 + 23/5)*60. Suppose 2*s = -t - 0*t + 89, -2*s = -4*t + y. What is the tens digit of t?
8
Let c(n) = -n**3 - 4*n**2 + 4*n - 1. Let y be c(-5). Suppose -9 - 16 = 5*g, g = -y*r + 39. What is the units digit of r?
1
Let t(s) be the first derivative of -s**2 + 3*s - 9. Let m be t(0). Suppose 3*y - 2*y = 4, -74 = -m*i - 5*y. What is the tens digit of i?
1
What is the thousands digit of 23232/9 + (-84)/(-18) + -4?
2
Let z = 34 - 5. Let q = -34 - -23. Let k = q + z. What is the units digit of k?
8
What is the units digit of 19/((14/(-39))/(-14))?
1
Let x(i) = -3*i + 26. Suppose 0 = 5*s + 55 + 30. What is the units digit of x(s)?
7
Suppose 2*g + 2284 = 5*k, 3*g + 5 + 1 = 0. What is the units digit of k?
6
Suppose -1248 = 10*s - 2*s. Let a = -7 - s. What is the hundreds digit of a?
1
What is the tens digit of 4/(-8)*-10 + 579/1?
8
Let d(q) be the second derivative of q**4/12 - q**3/3 + q**2/2 - 13*q. What is the tens digit of d(10)?
8
Suppose -5*x + 1026 = -k, -x + 180 + 20 = 5*k. What is the hundreds digit of x?
2
Suppose -3*r - 4*p + 211 = 0, 3*r + 0*r = -2*p + 221. Suppose 3*z + 2*w = -10 - r, 0 = 3*z - 3*w + 72. Let q = z - -52. What is the tens digit of q?
2
Let d(g) = 6*g**2 + 4*g + 18. What is the hundreds digit of d(-5)?
1
Suppose 3*z - 3 = 0, -941 = -5*w + z + 3193. What is the tens digit of w?
2
Suppose 281*i = 283*i - 3404. What is the thousands digit of i?
1
Suppose 3*b = 5*g + 54, -8*b = -3*b - 3*g - 106. Suppose 0*a - 13*a + 65 = 0. Suppose b = m + v, -4*m - 15 = -a*m + v. What is the tens digit of m?
1
Let x(i) = -10*i**2 + 42*i - 78. Let c(g) = -3*g**2 + 14*g - 26. Let s(a) = -7*c(a) + 2*x(a). What is the tens digit of s(15)?
4
Let g(j) = -35*j**2 - 4*j + 3. Let b be g(3). Let q = 159 + b. What is the tens digit of (-3 + (-32)/(-12))*q?
5
Let g be -12 - (-1 - 2 - -3). Let l = -7 - g. Suppose 3*t - 54 = -i, 10 + 5 = l*i. What is the tens digit of t?
1
Let p be (-2)/7 - (30/(-7) + -1). Suppose y + 138 = 2*f, f - 12 = p*y + 75. What is the units digit of f?
7
Suppose -15*q - 369 + 5289 = 0. What is the tens digit of q?
2
Suppose 3*i - 424 = -2*i - 2*b, -5*i - 4*b + 418 = 0. Let o = -44 - 0. Let d = o + i. What is the units digit of d?
2
Let n(k) be the first derivative of 6*k**4 - k**3/3 + k**2 - k + 3. Let z be n(1). Let t = 17 + z. What is the tens digit of t?
4
Let t = 238 + -126. Let l = t + -73. What is the tens digit of l?
3
Let p(s) = -s**3 + 6*s**2 + s - 1. Suppose a = 2*a - 6. What is the units digit of p(a)?
5
What is the hundreds digit of (-151)/(-3)*(11 - 12 - -4)?
1
Suppose 4*s = 5*z + 24, 5*s - 4*z - 11 - 19 = 0. Let m(j) = s*j + 16 + 2*j - j**2 - 6*j. What is the tens digit of m(0)?
1
Let q(f) = -62*f**2 - 4*f + 3. Let w(c) = -93*c**2 - 6*c + 5. Let a(j) = -8*q(j) + 5*w(j). Let d = -22 - -21. What is the units digit of a(d)?
0
Let w = -12 + 16. Suppose -3*q + 2*c + 6 = -2*q, 4*q - w = -2*c. Suppose -q*t - 4*o = -12, 5*o - 10 = -2*t + 4. What is the units digit of t?
2
Let j = -18 + -8. Let o = -13 - j. Suppose -4*l + 4 = -4*x, 2*x = 5*l - 4 - o. What is the units digit of x?
4
What is the hundreds digit of (513072/45)/8 - 4/(-5)?
4
Suppose -12740 = 299*i - 313*i. What is the units digit of i?
0
Suppose 0 = w - 1 + 7. Let d be (-492)/9 + w/(-9). Let k = d + 79. What is the units digit of k?
5
Suppose -5*b = -2*j - 38, 20 = 2*b - 0*b + 4*j. What is the tens digit of ((-38)/(-4))/(b/16)?
1
Let k = -55 + 261. What is the units digit of k?
6
Let n(k) = -264*k**3 + 6*k**2 + 9*k + 2. Let m(r) = -263*r**3 + 7*r**2 + 10*r + 2. Let j(p) = -5*m(p) + 6*n(p). What is the hundreds digit of j(-1)?
2
Let u(b) = 7*b**2 - 2*b. Let o be u(-3). Let f be 120 - 1 - (27 + -23). Let g = f - o. What is the units digit of g?
6
Suppose -2*c + 669 = x, 3*c + c - 1335 = -3*x. What is the tens digit of c?
3
Let h = -1106 + 2143. What is the units digit of h?
7
Let w(s) = -3*s - 8. Let y be w(-8). Suppose -z = 3*z - 16. Suppose 0 = -4*f + 2*h + 68, -y = -z*h - 0*h. What is the tens digit of f?
1
Let t(u) = 22*u**2 - 1. Let w be t(1). Suppose 6*c - 5*c = -w. What is the tens digit of (-148)/(-6) + (-7)/c?
2
Let w be (-12)/8 + 506/4. Suppose -7*i + w = -2*i. Let t = i - 12. What is the units digit of t?
3
Let j(c) = 2*c + 15. Let s be j(6). Let z = s - 25. What is the units digit of z?
2
Let i(q) = -2*q**3 + 4*q**2 + 11*q - 19. What is the hundreds digit of i(-6)?
4
Suppose -f = -3*f + 4. Suppose -f*q + 77 = -7. What is the tens digit of q?
4
Suppose 4*u - 7 - 1 = -2*g, -g - 4*u = -10. Let h(t) = -10*t**3 - 2*t**2 - 3*t - 4. What is the units digit of h(g)?
4
Suppose x = -x - 572. What is the units digit of (x/(-66))/(2/12)?
6
Let a = -17 - -20. Let t be 18/a + 15/(-5). Suppose -12 = -t*g - 0*g, 4*y - 140 = -g. What is the tens digit of y?
3
Let b(c) = 2*c. Let h(m) = 4*m. Let w(v) = 7*b(v) - 3*h(v). Let s be w(-4). What is the tens digit of (-214)/s - (-1)/4?
2
Suppose 7872 = 4*b - r - r, 5*b + 4*r = 9866. What is the thousands digit of b?
1
Let d be (-3 - -4 - 2)*(220 - -3). Let k = d - -315. What is the units digit of k?
2
Let l(d) = 0*d + 3*d + 7 + d**2 - d**3 + 7 - 12*d**2. Let o be l(-11). Let k = 34 + o. What is the tens digit of k?
1
Let s(k) = 7*k + 2. Let l be s(0). Let j = -18 - -30. Let d = l + j. What is the units digit of d?
4
Let p = 23 - 20. Suppose -p*a + 60 = -51. Let n = -20 + a. What is the tens digit of n?
1
What is the units digit of ((-1)/3)/((-7)/76020*5)?
4
Let w(h) = -4*h + 13. Let o be w(-12). Let a = -33 + o. What is the tens digit of a?
2
Let s(h) = 2*h**2 + h. Let a be s(1). Let x = -220 - -148. What is the units digit of ((-1)/a)/(4/x)?
6
Suppose j - 37 + 8 = 0. Let m = j - 15. What is the units digit of m?
4
Suppose -3*q = 3*j - 8841, -26*j = -30*j + 2*q + 11818. What is the hundreds digit of j?
9
Let j be 2 + 1 - (-61)/(-1). Let c = -1 - j. What is the tens digit of c?
5
Let m = -123 + 349. What is the tens digit of m?
2
Suppose 0 = 4*o - 4*w - 124, -2*o - o + w = -101. Let s = -21 + o. What is the tens digit of s?
1
Suppose a - 4*o = 2, -2 - 10 = -2*a + 4*o. Suppose a*p - 364 = 6*p. What is the units digit of p?
1
Let o be (-4 + 2)/2 + 28. Let r(y) = -6*y + 28. Let a be r(9). Let v = o + a. What is the units digit of v?
1
What is the hundreds digit of (-13500)/(-30)*(-20)/(-3)?
0
Let s(q) = -q**2 - 6*q - 6. Let r be s(-4). Let x be 4 + (r - 3) + 40. Let j = x - 13. What is the tens digit of j?
3
Let n(m) = 10*m + 33. Suppose h + h - 20 = -4*j, 2*h = 4*j + 28. What is the tens digit of n(h)?
5
Let q be ((-20)/(-6))/(2/6). Let v(i) = -495 + i**3 - 9*i**2 + 1004 - 498 - 11*i. What is the units digit of v(q)?
1
Suppose 5*d + 6*c - 3*c = 887, 358 = 2*d + 2*c. Suppose -2*m + 187 = s - d, -2*m + 8 = 0. What is the units digit of s?
4
Let w(z) = 12*z**2 - 8*z + 12. Let b be w(5). Supp